{"id":2659,"date":"2024-09-03T12:46:22","date_gmt":"2024-09-03T09:46:22","guid":{"rendered":"http:\/\/www.pieksamaensalibandy.com\/?page_id=2659"},"modified":"2024-09-03T12:46:22","modified_gmt":"2024-09-03T09:46:22","slug":"erityissahly","status":"publish","type":"page","link":"https:\/\/www.pieksamaensalibandy.com\/?page_id=2659","title":{"rendered":"Erityiss\u00e4hly"},"content":{"rendered":"\n<p>Pisaban erityiss\u00e4hly jatkuu keskiviikkona 4.9. klo 18 Harjun koululla. Mukaan saavat tulla niin uudet kuin kokeneetkin salibandyn pelaajat. Erityiss\u00e4hlyss\u00e4 p\u00e4\u00e4asiassa pelataan, mutta my\u00f6s joitain lajiharjoitteita ja taktiikoita k\u00e4yd\u00e4\u00e4n l\u00e4pi. Joukkueen opiskelijapelaajien tavoitteena on osallistua valtakunnallisiin turnauksiin.<\/p>\n\n\n\n<p>Erityiss\u00e4hly on osallistujille maksuton, mutta osallistujat voivat maksaa vapaaehtoisen Pisaban j\u00e4senmaksun 50\u20ac. Se oikeutta osallistumaan seuran yhdistystoimintaan, saamaan alennuksia yhteisty\u00f6kumppaneilta ja vapaan p\u00e4\u00e4syn seuran tapahtumiin. <\/p>\n\n\n\n<p>J\u00e4senpyynt\u00f6 t\u00e4st\u00e4 linkist\u00e4 <a href=\"https:\/\/seurat.suomisport.fi\/invite\/c9fd0c8b-a64d-43ef-9fc2-d7ef1bd08d65\">J\u00e4senmaksu<\/a>. Hyv\u00e4ksynn\u00e4n j\u00e4lkeen p\u00e4\u00e4set maksamaan j\u00e4senmaksun.<\/p>\n\n\n\n<p>Lis\u00e4tietoja Juha Turunen p. 0405192994<\/p>\n","protected":false},"excerpt":{"rendered":"<p>Pisaban erityiss\u00e4hly jatkuu keskiviikkona 4.9. klo 18 Harjun koululla. Mukaan saavat tulla niin uudet kuin kokeneetkin salibandyn pelaajat. Erityiss\u00e4hlyss\u00e4 p\u00e4\u00e4asiassa pelataan, mutta my\u00f6s joitain lajiharjoitteita ja taktiikoita k\u00e4yd\u00e4\u00e4n l\u00e4pi. Joukkueen opiskelijapelaajien tavoitteena on osallistua valtakunnallisiin turnauksiin. Erityiss\u00e4hly on osallistujille maksuton, mutta osallistujat voivat maksaa vapaaehtoisen Pisaban j\u00e4senmaksun 50\u20ac. Se oikeutta osallistumaan seuran yhdistystoimintaan, saamaan alennuksia [&hellip;]<\/p>\n","protected":false},"author":1,"featured_media":0,"parent":0,"menu_order":0,"comment_status":"closed","ping_status":"closed","template":"","meta":{"footnotes":""},"class_list":["post-2659","page","type-page","status-publish","hentry"],"_links":{"self":[{"href":"https:\/\/www.pieksamaensalibandy.com\/index.php?rest_route=\/wp\/v2\/pages\/2659"}],"collection":[{"href":"https:\/\/www.pieksamaensalibandy.com\/index.php?rest_route=\/wp\/v2\/pages"}],"about":[{"href":"https:\/\/www.pieksamaensalibandy.com\/index.php?rest_route=\/wp\/v2\/types\/page"}],"author":[{"embeddable":true,"href":"https:\/\/www.pieksamaensalibandy.com\/index.php?rest_route=\/wp\/v2\/users\/1"}],"replies":[{"embeddable":true,"href":"https:\/\/www.pieksamaensalibandy.com\/index.php?rest_route=%2Fwp%2Fv2%2Fcomments&post=2659"}],"version-history":[{"count":1,"href":"https:\/\/www.pieksamaensalibandy.com\/index.php?rest_route=\/wp\/v2\/pages\/2659\/revisions"}],"predecessor-version":[{"id":2661,"href":"https:\/\/www.pieksamaensalibandy.com\/index.php?rest_route=\/wp\/v2\/pages\/2659\/revisions\/2661"}],"wp:attachment":[{"href":"https:\/\/www.pieksamaensalibandy.com\/index.php?rest_route=%2Fwp%2Fv2%2Fmedia&parent=2659"}],"curies":[{"name":"wp","href":"https:\/\/api.w.org\/{rel}","templated":true}]}}