{"id":2488,"date":"2023-09-15T09:23:15","date_gmt":"2023-09-15T06:23:15","guid":{"rendered":"http:\/\/www.pieksamaensalibandy.com\/?page_id=2488"},"modified":"2023-12-07T12:00:04","modified_gmt":"2023-12-07T10:00:04","slug":"vip-tila","status":"publish","type":"page","link":"https:\/\/www.pieksamaensalibandy.com\/?page_id=2488","title":{"rendered":"Vip-tila"},"content":{"rendered":"\n<p>Pisaban miesten edustusjoukkueen otteluihin on mahdollisuus varata k\u00e4ytt\u00f6\u00f6n VIP-tila Bola Liikuntakeskuksen yl\u00e4kerrasta. Sielt\u00e4 voi seurata ottelua ja samalla ruokailla&amp;saunoa. Voimme r\u00e4\u00e4t\u00e4l\u00f6id\u00e4 yritykselle tai kaveriporukalle mieleisen vip-tapahtuman yhteisty\u00f6ss\u00e4 Bolan kanssa. Seura tarjoaa kahvit, kisamakkarat ja mokkapalat, mutta tilan varaaja voi tilata my\u00f6s haluamansa ruokailun Bolalta tai muusta haluamastaan paikasta.<\/p>\n\n\n\n<p>Hinta 500\u20ac, joka sis\u00e4lt\u00e4\u00e4 my\u00f6s otteluis\u00e4nnyyden (yrityksen mainostaminen ottelussa)<\/p>\n\n\n\n<p>Pelkk\u00e4 vip-tila 200\u20ac <\/p>\n\n\n\n<p>Ota yhteytt\u00e4!<\/p>\n\n\n\n<p>Joukkueenjohtaja Tiia-Maria Ikonen p. 0409658776  tai ikonen_02@hotmailcom<\/p>\n\n\n\n<p>Puheenjohtaja Auri Saloranta p. 0445031935 tai auri.saloranta@gmail.com<\/p>\n","protected":false},"excerpt":{"rendered":"<p>Pisaban miesten edustusjoukkueen otteluihin on mahdollisuus varata k\u00e4ytt\u00f6\u00f6n VIP-tila Bola Liikuntakeskuksen yl\u00e4kerrasta. Sielt\u00e4 voi seurata ottelua ja samalla ruokailla&amp;saunoa. Voimme r\u00e4\u00e4t\u00e4l\u00f6id\u00e4 yritykselle tai kaveriporukalle mieleisen vip-tapahtuman yhteisty\u00f6ss\u00e4 Bolan kanssa. Seura tarjoaa kahvit, kisamakkarat ja mokkapalat, mutta tilan varaaja voi tilata my\u00f6s haluamansa ruokailun Bolalta tai muusta haluamastaan paikasta. Hinta 500\u20ac, joka sis\u00e4lt\u00e4\u00e4 my\u00f6s otteluis\u00e4nnyyden (yrityksen [&hellip;]<\/p>\n","protected":false},"author":1,"featured_media":0,"parent":0,"menu_order":0,"comment_status":"closed","ping_status":"closed","template":"","meta":{"footnotes":""},"class_list":["post-2488","page","type-page","status-publish","hentry"],"_links":{"self":[{"href":"https:\/\/www.pieksamaensalibandy.com\/index.php?rest_route=\/wp\/v2\/pages\/2488"}],"collection":[{"href":"https:\/\/www.pieksamaensalibandy.com\/index.php?rest_route=\/wp\/v2\/pages"}],"about":[{"href":"https:\/\/www.pieksamaensalibandy.com\/index.php?rest_route=\/wp\/v2\/types\/page"}],"author":[{"embeddable":true,"href":"https:\/\/www.pieksamaensalibandy.com\/index.php?rest_route=\/wp\/v2\/users\/1"}],"replies":[{"embeddable":true,"href":"https:\/\/www.pieksamaensalibandy.com\/index.php?rest_route=%2Fwp%2Fv2%2Fcomments&post=2488"}],"version-history":[{"count":5,"href":"https:\/\/www.pieksamaensalibandy.com\/index.php?rest_route=\/wp\/v2\/pages\/2488\/revisions"}],"predecessor-version":[{"id":2538,"href":"https:\/\/www.pieksamaensalibandy.com\/index.php?rest_route=\/wp\/v2\/pages\/2488\/revisions\/2538"}],"wp:attachment":[{"href":"https:\/\/www.pieksamaensalibandy.com\/index.php?rest_route=%2Fwp%2Fv2%2Fmedia&parent=2488"}],"curies":[{"name":"wp","href":"https:\/\/api.w.org\/{rel}","templated":true}]}}