{"id":2295,"date":"2022-09-07T11:11:59","date_gmt":"2022-09-07T08:11:59","guid":{"rendered":"http:\/\/www.pieksamaensalibandy.com\/?page_id=2295"},"modified":"2023-08-21T15:37:33","modified_gmt":"2023-08-21T12:37:33","slug":"pisaban-kausi-info","status":"publish","type":"page","link":"https:\/\/www.pieksamaensalibandy.com\/?page_id=2295","title":{"rendered":"Pisaban kausi-info"},"content":{"rendered":"\n<p><strong>SYYSTIEDOTE <\/strong>21.8.2023<\/p>\n\n\n\n<p>Pisaban kausi on alkanut! Harjoittelemme ja pelaamme p\u00e4\u00e4asiassa Bolalla. <\/p>\n\n\n\n<p>Otteluohjelmia on v\u00e4hitellen julkistettu Salibandyliiton sivuilla <a rel=\"noreferrer noopener\" href=\"https:\/\/tulospalvelu.salibandy.fi\/home\" target=\"_blank\">https:\/\/tulospalvelu.salibandy.fi\/home<\/a> Joukkueet j\u00e4rjest\u00e4v\u00e4t itse kotiturnauksensa Bolalla, siit\u00e4 ohjeistetaan joukkueenjohtajia erikseen. Joukkueet kulkevat vieraspelipaikoille joko bussikuljetuksin tai pelaajien\/vanhempien kyydeill\u00e4. Bussimatkat kuljetaan Rytk\u00f6nen&amp;Co busseilla. Neuvoja ja ohjeistuksia saa sihteerilt\u00e4 ja puheenjohtajalta.<\/p>\n\n\n\n<p>Edarin lipunmyynti tapahtuu p\u00e4\u00e4asiallisesti verkossa osoitteessa <a href=\"https:\/\/pisaba.eventiolive.fi\/\">https:\/\/pisaba.eventiolive.fi\/<\/a>. Lippuja myyd\u00e4\u00e4n my\u00f6s ovella, mutta ennakkolipulla varmistat sis\u00e4\u00e4np\u00e4\u00e4syn. P\u00e4\u00e4sylippu edustuksen otteluihin on 5\u20ac ja kausikortti 30\u20ac. Turnauksiin on vapaa p\u00e4\u00e4sy. Bolan kahvio palvelee tapahtumien ajan. Pisaba j\u00e4rjest\u00e4\u00e4 vip-tilaisuuksia Bolan saunatilassa.<\/p>\n\n\n\n<p><strong>Lisenssit, j\u00e4sen- ja kausimaksut:<\/strong><\/p>\n\n\n\n<p>Pelaajat ostavat Suomisportin kautta lisenssin <strong>ennen ensimm\u00e4ist\u00e4 ottelua.<\/strong> Valmentajat ostavat itse Suomisportin kautta valmennuslisenssin. <a href=\"https:\/\/salibandy.fi\/fi\/palvelut\/pelaajalle\/pelipassit-pelaajalle\/\">https:\/\/salibandy.fi\/fi\/palvelut\/pelaajalle\/pelipassit-pelaajalle\/<\/a><\/p>\n\n\n\n<p><strong>Pisaban j\u00e4senmaksu on 40\u20ac.<\/strong> Kaikki toimihenkil\u00f6t maksavat sen Suomisportissa pysyv\u00e4n linkin kautta <a href=\"https:\/\/seurat.suomisport.fi\/invite\/c9fd0c8b-a64d-43ef-9fc2-d7ef1bd08d65\">J\u00e4senmaksu<\/a><\/p>\n\n\n\n<p><strong>Kausimaksu on 450\u20ac<\/strong><\/p>\n\n\n\n<p>Kausimaksu maksetaan Suomisport.fi-palvelussa. Joukkueenjohtajat laittavat joukkuekohtaiset <strong>liittymislinkit<\/strong> pelaajille ja alaik\u00e4isten pelaajien kohdalla heid\u00e4n vanhemmilleen. <\/p>\n\n\n\n<p>Palvelussa <em>Olet saanut yhdistyksen j\u00e4senkutsun. <\/em>Valitse joko<em> Min\u00e4 <\/em>tai<em> Huollettavani-&gt; Lis\u00e4\u00e4 huollettevan tiedot-&gt; tallenna.<\/em> Seura hyv\u00e4ksyy j\u00e4senyyden ja sen j\u00e4lkeen maksulinkki avautuu. Jos olet ollut j\u00e4sen jo aiemmin <em>Hylk\u00e4\u00e4 kutsu<\/em> ja etene ohjeiden mukaan.<\/p>\n\n\n\n<p>Kausimaksu sis\u00e4lt\u00e4\u00e4 mm. valmennuksen, huollon, huoltotarvikkeet, sarjaan ilmoittautumiset, peliasut, salivuorot, tuomarikulut, v\u00e4lineet ja pelimatkat. Kausimaksun voi maksaa my\u00f6s osissa Suomisportin maksupalvelussa. Kausimaksuihin voi anoa avustusta Pisaban hallitukselta kirjallisesti taloudellisin tai sosiaalisin perustein. Hallitus tekee avustusp\u00e4\u00e4t\u00f6ksen yksil\u00f6kohtaisesti.<\/p>\n\n\n\n<p>S\u00e4hlyerhojen harrastusmaksu on 100\u20ac ja se maksetaan ilmoittautumisen yhteydess\u00e4 Sporttihaussa <a href=\"https:\/\/www.suomisport.fi\/events?dateTimeRangeEnd=&amp;dateTimeRangeStart=&amp;masterSportIds&amp;organizers=&amp;purpose=&amp;searchTerm=&amp;tagIds\">Sporttihaku<\/a><\/p>\n\n\n\n<p><strong>Talkoot<\/strong><\/p>\n\n\n\n<p>Pisaba ottaa vastaan kauden aikana talkoita ker\u00e4t\u00e4kseen varoja seuralle ja joukkueille. Talkoiden avulla voidaan korvata kaikkia toiminnan kuluja. Joukkueet voivat my\u00f6s itse ottaa vastaan ja kysell\u00e4 erilaisia talkoita, jolloin varat osoitetaan joukkueelle. <\/p>\n\n\n\n<p><strong>Talkoiksi luetaan my\u00f6s seuran sis\u00e4iset tapahtumat kuten otteluiden ja turnausten toimitsijavuorot. <\/strong>Toivomme vanhempien osallistuvan ottelu- ja turnaustalkoisiin aktiivisesti. Jokainen joukkue j\u00e4rjest\u00e4\u00e4 itse tapahtumansa. <strong>Joukkueen toimihenkil\u00f6t ovat sidottuja otteluihin, joten vanhempia tarvitaan mukaan!<\/strong> Ottelussa tarvittavien laitteiden k\u00e4ytt\u00f6\u00f6n annetaan perehdytys ja mukana on aina kortillinen toimitsija.<strong><\/strong><\/p>\n\n\n\n<p><strong>Pisaban hankinnat<\/strong><\/p>\n\n\n\n<p>Varuste- ja v\u00e4linehankinnat tehd\u00e4\u00e4n p\u00e4\u00e4s\u00e4\u00e4nt\u00f6isesti Team Sportiasta. J\u00e4senet saavat -20% alennuksen my\u00f6s henkil\u00f6kohtaisista urheiluv\u00e4lineostoksista.<\/p>\n\n\n\n<p>Pisaballa on sopimus Team Sportian kanssa fanituotteiden myynnist\u00e4. T\u00e4ll\u00e4 hetkell\u00e4 tarjonnassa on huppari Pisaban logolla. Kuvasto ja hinnasto l\u00f6ytyv\u00e4t Pisaban nettisivuilta: <a href=\"http:\/\/www.pieksamaensalibandy.com\/hinnasto\/\">http:\/\/www.pieksamaensalibandy.com\/hinnasto\/<\/a><\/p>\n\n\n\n<p><strong>Pisaba95-klubi<\/strong><\/p>\n\n\n\n<p>Pisaba on perustanut Pisaba95-klubin. Klubin tarkoitus on koota vanhoja pelaajia, tukihenkil\u00f6it\u00e4 ja toimijoita yhteen sek\u00e4 samalla tukea Pisaban toimintaa mukavalla tavalla. Klubin j\u00e4senmaksu on 59\u20ac\/kausi, joka sis\u00e4lt\u00e4\u00e4 Vip-lipun yhteen otteluun per kausi ja sen j\u00e4lkeen oman pelivuoron, samalle illalle saunaillan ja ruokailun.<\/p>\n\n\n\n<p>Klubin j\u00e4sen saa my\u00f6s vuoden aikana muutaman kerran uutisia Pisaban toiminnasta sek\u00e4 Klubiin voi liitty\u00e4 maksamalla j\u00e4senmaksun 59\u20ac Pieks\u00e4m\u00e4en salibandy ry:n tilille FI90 876007 1005 4381 ja viitteeksi Pisaba 95klubi tai voit maksaa verkkokaupassa <a href=\"pisaba.eventiolive.fi\">pisaba.eventiolive.fi<\/a>. Ilmoita my\u00f6s klubin is\u00e4nn\u00e4lle tai em\u00e4nn\u00e4lle mukanaolostasi. Klubin is\u00e4nt\u00e4n\u00e4 ja em\u00e4nt\u00e4n\u00e4 toimivat Petri Gr\u00f6nholm puh. 040 5044128 ja Auri Saloranta p. 0445031935<\/p>\n\n\n\n<p><strong>Tiedotus<\/strong><\/p>\n\n\n\n<p><strong>Joukkueet tiedottavat tapahtumistaan instagramissa, facebookissa, nettisivuilla ja lehdiss\u00e4. Joukkueenjohtajille on annettu tunnukset. <\/strong>Joukkueet tekev\u00e4t itse lehtijutut Pieks\u00e4m\u00e4en lehteen. Sis\u00e4lt\u00f6 voi olla ottelu\/turnausennakkoja ja -raportteja, tarinoita &amp; juttuja ihmisist\u00e4, tekij\u00f6ist\u00e4 ja ilmi\u00f6ist\u00e4 sek\u00e4 haastatteluja ja kuvia. Tekstit s\u00e4hk\u00f6postilla:<\/p>\n\n\n\n<p><a href=\"mailto:toimitus@pieksamaenlehti.fi\">toimitus@pieksamaenlehti.fi<\/a><\/p>\n\n\n\n<p><strong>Puheenjohtaja yll\u00e4pit\u00e4\u00e4 nettisivuja. Joukkueenjohtajat seuraavat, ett\u00e4 nettisivut pysyv\u00e4t ajan tasalla.<\/strong><\/p>\n\n\n\n<p><strong>Sis\u00e4iseen viestint\u00e4\u00e4n k\u00e4ytet\u00e4\u00e4n jojojen whatsapp-ryhm\u00e4\u00e4 ja s\u00e4hk\u00f6postia.<\/strong><\/p>\n\n\n\n<p>Pisaban hallituksen seuraava kokous on 30.8.2023 P\u00e4\u00e4t\u00f6ksist\u00e4 tiedotetaan joukkueenjohtajia. Kokouksia j\u00e4rjestet\u00e4\u00e4n n. kerran kuukaudessa. Hallituksen j\u00e4senille voi ehdottaa kokoukseen asioita kahta viikkoa ennen, jotta ne ehtiv\u00e4t esityslistaan. Hallituksen j\u00e4senten nimet ja yhteystiedot l\u00f6ytyv\u00e4t Pisaban nettisivuilta <a href=\"http:\/\/www.pieksamaensalibandy.com\">www.pieksamaensalibandy.com<\/a><\/p>\n\n\n\n<p>Seuran laskutusosoite on:<\/p>\n\n\n\n<p>Kaunokkikuja 1 b 10<\/p>\n\n\n\n<p>76150 Pieks\u00e4m\u00e4ki<\/p>\n\n\n\n<p>tai auri.saloranta@gmail.com<\/p>\n\n\n\n<p><\/p>\n\n\n\n<p class=\"has-black-color has-text-color\">Lis\u00e4tietoja: puheenjohtaja Auri p. 0445031935<\/p>\n\n\n\n<p>auri.saloranta@gmail.com<\/p>\n","protected":false},"excerpt":{"rendered":"<p>SYYSTIEDOTE 21.8.2023 Pisaban kausi on alkanut! Harjoittelemme ja pelaamme p\u00e4\u00e4asiassa Bolalla. Otteluohjelmia on v\u00e4hitellen julkistettu Salibandyliiton sivuilla https:\/\/tulospalvelu.salibandy.fi\/home Joukkueet j\u00e4rjest\u00e4v\u00e4t itse kotiturnauksensa Bolalla, siit\u00e4 ohjeistetaan joukkueenjohtajia erikseen. Joukkueet kulkevat vieraspelipaikoille joko bussikuljetuksin tai pelaajien\/vanhempien kyydeill\u00e4. Bussimatkat kuljetaan Rytk\u00f6nen&amp;Co busseilla. Neuvoja ja ohjeistuksia saa sihteerilt\u00e4 ja puheenjohtajalta. Edarin lipunmyynti tapahtuu p\u00e4\u00e4asiallisesti verkossa osoitteessa https:\/\/pisaba.eventiolive.fi\/. Lippuja myyd\u00e4\u00e4n [&hellip;]<\/p>\n","protected":false},"author":1,"featured_media":0,"parent":0,"menu_order":0,"comment_status":"closed","ping_status":"closed","template":"","meta":{"footnotes":""},"class_list":["post-2295","page","type-page","status-publish","hentry"],"_links":{"self":[{"href":"https:\/\/www.pieksamaensalibandy.com\/index.php?rest_route=\/wp\/v2\/pages\/2295"}],"collection":[{"href":"https:\/\/www.pieksamaensalibandy.com\/index.php?rest_route=\/wp\/v2\/pages"}],"about":[{"href":"https:\/\/www.pieksamaensalibandy.com\/index.php?rest_route=\/wp\/v2\/types\/page"}],"author":[{"embeddable":true,"href":"https:\/\/www.pieksamaensalibandy.com\/index.php?rest_route=\/wp\/v2\/users\/1"}],"replies":[{"embeddable":true,"href":"https:\/\/www.pieksamaensalibandy.com\/index.php?rest_route=%2Fwp%2Fv2%2Fcomments&post=2295"}],"version-history":[{"count":10,"href":"https:\/\/www.pieksamaensalibandy.com\/index.php?rest_route=\/wp\/v2\/pages\/2295\/revisions"}],"predecessor-version":[{"id":2461,"href":"https:\/\/www.pieksamaensalibandy.com\/index.php?rest_route=\/wp\/v2\/pages\/2295\/revisions\/2461"}],"wp:attachment":[{"href":"https:\/\/www.pieksamaensalibandy.com\/index.php?rest_route=%2Fwp%2Fv2%2Fmedia&parent=2295"}],"curies":[{"name":"wp","href":"https:\/\/api.w.org\/{rel}","templated":true}]}}