{"id":2077,"date":"2022-01-26T10:22:03","date_gmt":"2022-01-26T08:22:03","guid":{"rendered":"http:\/\/www.pieksamaensalibandy.com\/?page_id=2077"},"modified":"2023-12-07T11:49:51","modified_gmt":"2023-12-07T09:49:51","slug":"pisabassa-on-turvallista-harrastaa","status":"publish","type":"page","link":"https:\/\/www.pieksamaensalibandy.com\/?page_id=2077","title":{"rendered":"Pisabassa on turvallista harrastaa"},"content":{"rendered":"\n<p class=\"has-black-color has-text-color\">Kiusaaminen on toisen ihmisen toistuvaa huonoa kohtelua eli lain tai hyv\u00e4n tavan vastaisia tekoja tai k\u00e4ytt\u00e4ytymist\u00e4. Kiusaaminen on aina vakava asia. Kiusaamista voi tapahtua monella tavalla, joten sen havaitseminen ja tunnistaminen voi olla vaikeaa. \u00c4\u00e4rimmill\u00e4\u00e4n se voi olla tietoista, jatkuvaa ja j\u00e4rjestelm\u00e4llist\u00e4 ep\u00e4oikeudenmukaista toimintaa, jota vastaan kohteena oleva henkil\u00f6 on puolustuskyvyt\u00f6n. Kiusaaminen voi pitk\u00e4\u00e4n jatkuessaan jopa vaarantaa kohteena olevan henkil\u00f6n terveyden.<\/p>\n\n\n\n<p class=\"has-black-color has-text-color\">Jokaisella urheiluseuran toimintaan kuuluvalla henkil\u00f6ll\u00e4 on oikeus turvalliseen toimintaymp\u00e4rist\u00f6\u00f6n. Seuratoimintaan kuuluvan henkil\u00f6n tulee kohdella toisia tasa-arvoisesti ja kunnioittavasti. Jokaisella toimijalla on vastuu siit\u00e4, ett\u00e4 kaikilla on turvallinen ja hyv\u00e4 harrastusymp\u00e4rist\u00f6. Seurassa toimivien tulee asenteellaan ja teoillaan osoittaa, ettei yhteis\u00f6ss\u00e4 sallita mink\u00e4\u00e4nlaista ep\u00e4asiallista kohtelua. Jokainen kantaa vastuuta yhteis\u00f6n toimintakulttuurista.<\/p>\n\n\n\n<p class=\"has-black-color has-text-color\">Pisaba on luonut suunnitelman kiusaamisen, h\u00e4irinn\u00e4n ja ep\u00e4asiallisen kohtelun ehk\u00e4isemiseksi, joka l\u00f6ytyy materiaalipankista t\u00e4m\u00e4n artikkelin lopusta. Pisaba on nimennyt kaksi luottohenkil\u00f6\u00e4, joihin voi olla yhteydess\u00e4, jos kokee tulleensa kiusatuksi tai kohdelluksi ep\u00e4asiallisesti. He vastaavat luottamuksellisesti ja viev\u00e4t aina tarvittaessa asiaa eteenp\u00e4in. <\/p>\n\n\n\n<p class=\"has-black-color has-text-color\">Jaana M\u00e4nnikk\u00f6 p. 0400241655<\/p>\n\n\n\n<p class=\"has-black-color has-text-color\">Jelena Murdasova p. 0449758991<\/p>\n\n\n\n<p class=\"has-black-color has-text-color\">Seura on mukana my\u00f6s erilaisissa kiusaamisen ja ep\u00e4asiallisen kohtelun ehk\u00e4iseviss\u00e4 kampanjoissa. V\u00e4est\u00f6liiton ja suomalaisen urheilun Et ole yksin-yhteishankkeessa edistet\u00e4\u00e4n jokaisen oikeutta nauttia urheilusta turvallisesti sek\u00e4 tulla kohdelluksi yhdenvertaisesti ja kunnioittavasti. Oletko sin\u00e4 kohdannut ep\u00e4asiallista k\u00e4yt\u00f6st\u00e4 tai h\u00e4irint\u00e4\u00e4 urheilussa? Yhteytt\u00e4 voivat ottaa urheilijat, urheilijan vanhemmat\/huoltajat, valmentajat, sek\u00e4 urheiluseurojen tai lajiliittojen ty\u00f6ntekij\u00e4t ja vapaaehtoiset.<\/p>\n\n\n\n<p><\/p>\n\n\n\n<figure class=\"wp-block-embed is-type-wp-embed is-provider-et-ole-yksin wp-block-embed-et-ole-yksin\"><div class=\"wp-block-embed__wrapper\">\n<blockquote class=\"wp-embedded-content\" data-secret=\"E54eqEzalE\"><a href=\"https:\/\/www.etoleyksin.fi\/\">Etusivu<\/a><\/blockquote><iframe loading=\"lazy\" class=\"wp-embedded-content\" sandbox=\"allow-scripts\" security=\"restricted\" style=\"position: absolute; clip: rect(1px, 1px, 1px, 1px);\" title=\"&#8221;Etusivu&#8221; &#8212; Et ole yksin\" src=\"https:\/\/www.etoleyksin.fi\/embed\/#?secret=sLHQYJBNqm#?secret=E54eqEzalE\" data-secret=\"E54eqEzalE\" width=\"600\" height=\"338\" frameborder=\"0\" marginwidth=\"0\" marginheight=\"0\" scrolling=\"no\"><\/iframe>\n<\/div><\/figure>\n\n\n\n<p class=\"has-black-color has-text-color\">Pisaba selvitt\u00e4\u00e4 my\u00f6s kaikkien lasten ja nuorten kanssa toimivien rikostaustat. Sihteeri pyyt\u00e4\u00e4 suostumuksen, jotta voi tarkistaa rikosrekisteriotteen. Seura huolehtii tarkistuksen kustannuksista.<\/p>\n\n\n\n<figure class=\"wp-block-image size-full\"><a href=\"http:\/\/www.pieksamaensalibandy.com\/wp-content\/uploads\/2022\/01\/etoleyksin-150x150-2.jpg\"><img loading=\"lazy\" decoding=\"async\" width=\"150\" height=\"150\" src=\"http:\/\/www.pieksamaensalibandy.com\/wp-content\/uploads\/2022\/01\/etoleyksin-150x150-2.jpg\" alt=\"\" class=\"wp-image-2084\" srcset=\"https:\/\/www.pieksamaensalibandy.com\/wp-content\/uploads\/2022\/01\/etoleyksin-150x150-2.jpg 150w, https:\/\/www.pieksamaensalibandy.com\/wp-content\/uploads\/2022\/01\/etoleyksin-150x150-2-1x1.jpg 1w\" sizes=\"(max-width: 150px) 100vw, 150px\" \/><\/a><\/figure>\n\n\n\n<div class=\"wp-block-file\"><a id=\"wp-block-file--media-ae5fc252-7c42-4b20-b96c-2aa17a78b2df\" href=\"http:\/\/www.pieksamaensalibandy.com\/wp-content\/uploads\/2022\/01\/Suunnitelma-hairinnan-kiusaamisen-ja-epaasiallisen-kohtelun-ehkaisemiseksi-.docx\">Suunnitelma-hairinnan-kiusaamisen-ja-epaasiallisen-kohtelun-ehkaisemiseksi-<\/a><a href=\"http:\/\/www.pieksamaensalibandy.com\/wp-content\/uploads\/2022\/01\/Suunnitelma-hairinnan-kiusaamisen-ja-epaasiallisen-kohtelun-ehkaisemiseksi-.docx\" class=\"wp-block-file__button\" download aria-describedby=\"wp-block-file--media-ae5fc252-7c42-4b20-b96c-2aa17a78b2df\">Lataa<\/a><\/div>\n\n\n\n<p>Lis\u00e4tietoja antaa puheenjohtaja Auri Saloranta p. 0445031935<\/p>\n","protected":false},"excerpt":{"rendered":"<p>Kiusaaminen on toisen ihmisen toistuvaa huonoa kohtelua eli lain tai hyv\u00e4n tavan vastaisia tekoja tai k\u00e4ytt\u00e4ytymist\u00e4. Kiusaaminen on aina vakava asia. Kiusaamista voi tapahtua monella tavalla, joten sen havaitseminen ja tunnistaminen voi olla vaikeaa. \u00c4\u00e4rimmill\u00e4\u00e4n se voi olla tietoista, jatkuvaa ja j\u00e4rjestelm\u00e4llist\u00e4 ep\u00e4oikeudenmukaista toimintaa, jota vastaan kohteena oleva henkil\u00f6 on puolustuskyvyt\u00f6n. Kiusaaminen voi pitk\u00e4\u00e4n jatkuessaan [&hellip;]<\/p>\n","protected":false},"author":1,"featured_media":2079,"parent":0,"menu_order":0,"comment_status":"closed","ping_status":"closed","template":"","meta":{"footnotes":""},"class_list":["post-2077","page","type-page","status-publish","has-post-thumbnail","hentry"],"_links":{"self":[{"href":"https:\/\/www.pieksamaensalibandy.com\/index.php?rest_route=\/wp\/v2\/pages\/2077"}],"collection":[{"href":"https:\/\/www.pieksamaensalibandy.com\/index.php?rest_route=\/wp\/v2\/pages"}],"about":[{"href":"https:\/\/www.pieksamaensalibandy.com\/index.php?rest_route=\/wp\/v2\/types\/page"}],"author":[{"embeddable":true,"href":"https:\/\/www.pieksamaensalibandy.com\/index.php?rest_route=\/wp\/v2\/users\/1"}],"replies":[{"embeddable":true,"href":"https:\/\/www.pieksamaensalibandy.com\/index.php?rest_route=%2Fwp%2Fv2%2Fcomments&post=2077"}],"version-history":[{"count":9,"href":"https:\/\/www.pieksamaensalibandy.com\/index.php?rest_route=\/wp\/v2\/pages\/2077\/revisions"}],"predecessor-version":[{"id":2531,"href":"https:\/\/www.pieksamaensalibandy.com\/index.php?rest_route=\/wp\/v2\/pages\/2077\/revisions\/2531"}],"wp:featuredmedia":[{"embeddable":true,"href":"https:\/\/www.pieksamaensalibandy.com\/index.php?rest_route=\/wp\/v2\/media\/2079"}],"wp:attachment":[{"href":"https:\/\/www.pieksamaensalibandy.com\/index.php?rest_route=%2Fwp%2Fv2%2Fmedia&parent=2077"}],"curies":[{"name":"wp","href":"https:\/\/api.w.org\/{rel}","templated":true}]}}