{"id":106,"date":"2016-12-27T12:49:09","date_gmt":"2016-12-27T10:49:09","guid":{"rendered":"http:\/\/www.pieksamaensalibandy.com\/?page_id=106"},"modified":"2023-12-07T11:59:28","modified_gmt":"2023-12-07T09:59:28","slug":"historia","status":"publish","type":"page","link":"https:\/\/www.pieksamaensalibandy.com\/?page_id=106","title":{"rendered":"Historia"},"content":{"rendered":"\n<p class=\"has-very-dark-gray-color has-text-color\">Pieks\u00e4m\u00e4en Salibandy ry, Pisaba, on perustettu kev\u00e4\u00e4ll\u00e4 1995 Sis\u00e4l\u00e4hetysseuran opiskelijoiden toimesta salibandyn erikoisseuraksi paikkakunnalle. Pieks\u00e4m\u00e4en Salibandy ry:n tarkoituksena on urheiluharrastuksen ja urheilukilpailutoiminnan yll\u00e4pit\u00e4minen sek\u00e4 kehitt\u00e4minen j\u00e4sentens\u00e4 keskuudessa. Tarkoituksen toteuttamiseksi yhdistys j\u00e4rjest\u00e4\u00e4 harjoituksia, kilpailuja, juhlia sek\u00e4 valistus- ja huvitilaisuuksia.<\/p>\n\n\n\n<p class=\"has-very-dark-gray-color has-text-color\">Seurassa toimii miesten 2. divisioonassa pelaava&nbsp;edustusjoukkue, 4. divisioonassa pelaava miesten kakkosjoukkue,&nbsp;P16-ja P12-joukkueet. Lis\u00e4ksi seuramme toimesta j\u00e4rjestet\u00e4\u00e4n harrastes\u00e4hly\u00e4 ja s\u00e4hlykerhoja lapsille, nuorille ja aikuisille.<\/p>\n\n\n\n<p class=\"has-very-dark-gray-color has-text-color\">Pisaba perusti pickleball-jaoston syksyll\u00e4 2023. <\/p>\n","protected":false},"excerpt":{"rendered":"<p>Pieks\u00e4m\u00e4en Salibandy ry, Pisaba, on perustettu kev\u00e4\u00e4ll\u00e4 1995 Sis\u00e4l\u00e4hetysseuran opiskelijoiden toimesta salibandyn erikoisseuraksi paikkakunnalle. Pieks\u00e4m\u00e4en Salibandy ry:n tarkoituksena on urheiluharrastuksen ja urheilukilpailutoiminnan yll\u00e4pit\u00e4minen sek\u00e4 kehitt\u00e4minen j\u00e4sentens\u00e4 keskuudessa. Tarkoituksen toteuttamiseksi yhdistys j\u00e4rjest\u00e4\u00e4 harjoituksia, kilpailuja, juhlia sek\u00e4 valistus- ja huvitilaisuuksia. Seurassa toimii miesten 2. divisioonassa pelaava&nbsp;edustusjoukkue, 4. divisioonassa pelaava miesten kakkosjoukkue,&nbsp;P16-ja P12-joukkueet. Lis\u00e4ksi seuramme toimesta j\u00e4rjestet\u00e4\u00e4n harrastes\u00e4hly\u00e4 [&hellip;]<\/p>\n","protected":false},"author":1,"featured_media":0,"parent":0,"menu_order":0,"comment_status":"closed","ping_status":"closed","template":"","meta":{"footnotes":""},"class_list":["post-106","page","type-page","status-publish","hentry"],"_links":{"self":[{"href":"https:\/\/www.pieksamaensalibandy.com\/index.php?rest_route=\/wp\/v2\/pages\/106"}],"collection":[{"href":"https:\/\/www.pieksamaensalibandy.com\/index.php?rest_route=\/wp\/v2\/pages"}],"about":[{"href":"https:\/\/www.pieksamaensalibandy.com\/index.php?rest_route=\/wp\/v2\/types\/page"}],"author":[{"embeddable":true,"href":"https:\/\/www.pieksamaensalibandy.com\/index.php?rest_route=\/wp\/v2\/users\/1"}],"replies":[{"embeddable":true,"href":"https:\/\/www.pieksamaensalibandy.com\/index.php?rest_route=%2Fwp%2Fv2%2Fcomments&post=106"}],"version-history":[{"count":13,"href":"https:\/\/www.pieksamaensalibandy.com\/index.php?rest_route=\/wp\/v2\/pages\/106\/revisions"}],"predecessor-version":[{"id":2537,"href":"https:\/\/www.pieksamaensalibandy.com\/index.php?rest_route=\/wp\/v2\/pages\/106\/revisions\/2537"}],"wp:attachment":[{"href":"https:\/\/www.pieksamaensalibandy.com\/index.php?rest_route=%2Fwp%2Fv2%2Fmedia&parent=106"}],"curies":[{"name":"wp","href":"https:\/\/api.w.org\/{rel}","templated":true}]}}